*o + 5*o. Suppose 0 = -5*k + 5*j - 305, -k + o*j - 60 = j. Let l = -22 - k. Calculate the highest common factor of 10 and l.
10
Suppose 2*t - 28 = -3*b, -14 + 40 = 3*b + 4*t. Suppose -5*w - 5*s - 280 = -b*w, -w + 56 = s. What is the greatest common divisor of w and 8?
8
Let o be (-1)/(3/(-9)) - (-12 - -3). Calculate the highest common factor of o and 3.
3
Suppose 5*i - 3850 = -2*i. Calculate the highest common divisor of 50 and i.
50
Let v = 157 + -147. Calculate the highest common divisor of v and 15.
5
Suppose g = 2*r + 2*g - 115, 2*r - 119 = 3*g. Let b = -33 + r. Calculate the greatest common divisor of b and 50.
25
Suppose -4*x + 132 + 44 = 0. Let v be -1 + x - (3 - 0). What is the highest common divisor of v and 5?
5
Let g(x) = x - 10. Let t be g(10). Suppose -2*z + 0*z + 18 = t. What is the highest common factor of 63 and z?
9
Let f be (12 - 5)*(0 - -1). Let j = 81 + f. Suppose -2*a = 3*h - j, -h + 0*a + 51 = 5*a. What is the highest common factor of 39 and h?
13
Let s be (4 + -2)*1/2. Let y = 47 + s. Let f be 32*2*(-1)/(-4). What is the highest common divisor of y and f?
16
Let m be (3/4)/(5/20). Suppose t = -m*t. Suppose t = -3*s - s + 16. Calculate the highest common divisor of s and 6.
2
Let j = -5 + 13. What is the highest common divisor of 72 and j?
8
Let c(d) = -13*d + 68. Let w be c(-10). Calculate the highest common divisor of w and 18.
18
Let q(y) = y**2 - 2*y - 6. Let l = 15 - 9. Let p be q(l). What is the greatest common factor of p and 9?
9
Let h be 3*(-2)/(-3) + -170. Let u be h/(-27) + 4/(-18). What is the greatest common divisor of 2 and u?
2
Let l = -28 - -51. Let f(b) = -b**3 - b**2. Let t be f(-1). Suppose 4*x - 271 = -5*u, 4*u = -t*x - x + 65. Calculate the greatest common divisor of l and x.
23
Let m be -6*((-8)/6 - -1). Suppose -5*n + 63 = -2*a, 2*a = -m*n + 14 - 0. Let s = -17 - -72. What is the greatest common divisor of n and s?
11
Let t be (9/(-2))/(16/(-480)). Calculate the greatest common factor of 15 and t.
15
Let x(i) = -i + 3. Let v be x(0). Suppose 64 = 2*m - v*o + 2*o, -5*m + 3*o + 162 = 0. Calculate the highest common divisor of m and 10.
10
Suppose -2*k + 16 = -14. What is the highest common factor of k and 105?
15
Let y(i) = i**3 + 11*i**2 + 12*i - 10. Let l be y(-9). Suppose 52 = 4*u + 8. Calculate the greatest common factor of u and l.
11
Let c be -2*2*-1 - 1. Suppose 0*k = r + c*k - 14, 6 = -3*r + 3*k. Suppose r*o + 2*o - 20 = 0, 0 = 5*f - o - 95. What is the highest common factor of f and 30?
10
Let n be ((-54)/(-6))/((-6)/4). Let p(t) = 4*t - 2. Let i(o) = -o. Let f(r) = -3*i(r) - p(r). Let j be f(n). Calculate the greatest common divisor of j and 32.
8
Suppose -3*x + 7 + 77 = 0. Let v = x + -18. What is the greatest common divisor of v and 10?
10
Suppose 2*h - 16 = -4*a, 5*a = 3*h - 43 + 8. Let w be (42/h)/(1/5). Suppose 0 = -u - 2*u + 21. Calculate the greatest common factor of w and u.
7
Let h(b) = 9*b - 15*b - 2 - 12*b. Suppose 0*f + 15 = -3*f. Let a be h(f). Calculate the highest common factor of 11 and a.
11
Let n be 3/6 - 2/(-4). Suppose 5*a - 25 = 0, -2*a + 0 = -5*m + 45. What is the highest common factor of n and m?
1
Let u(g) = 11*g - 9. Let o be u(9). Calculate the highest common factor of o and 10.
10
Suppose 2*d + 5 = -15. Let x be 25/d*(-8)/5. Suppose 5*i + x*a = 42, -2*a + 7*a = i - 20. Calculate the highest common divisor of i and 5.
5
Suppose -2*o - 31 + 71 = 2*f, -3*f = -5*o - 36. Suppose -f = -3*z + 1. What is the highest common divisor of z and 15?
3
Let y be (-11)/(-3 + 2) - 3. Suppose -2*l = 1 - 17. What is the greatest common factor of y and l?
8
Suppose -4*n - n + 80 = 0. Let b = 1 + 1. Let p be b/(4/(-2)) + 25. What is the highest common factor of p and n?
8
Let a(p) = -5*p**2 - 4 + 5*p**2 + p**2 + 3*p. Let m be a(-5). What is the greatest common factor of 30 and m?
6
Suppose -2*q - 6 = -5*q. Suppose 3*m - 5 = q*m. Suppose 14 = m*h + 3*t, -2*h + t = -h + 2. What is the greatest common factor of h and 11?
1
Suppose 0*l = 4*l - 40. Calculate the highest common factor of 90 and l.
10
Let q be (9/(-2))/((-2)/4). Let u(h) = h**3 + 9*h**2 + 6*h - 9. Let k be u(-6). What is the greatest common divisor of q and k?
9
Suppose -3*c = c - 4*p - 84, -2*c = 3*p - 57. Let l = 97 - -71. Calculate the greatest common factor of l and c.
24
Let d(q) = 3*q**2 + 7*q - 6. Let u be d(-6). Suppose -f + 5*f = u. Suppose -4*x + f = -x. What is the highest common factor of x and 55?
5
Let w(s) = 43*s**3 + s**2 - s - 1. Let b be w(1). Calculate the greatest common divisor of b and 42.
42
Let q be -7 + 576/30 - (-1)/(-5). Let d(g) = -g**3 + 6*g**2 - 3*g - 2. Let y be d(5). Calculate the greatest common factor of q and y.
4
Let i be 44/10 + (-8)/20. Suppose -i*l + 110 = -2*l. What is the greatest common divisor of l and 5?
5
Let c be (-18)/9*9/(-2). What is the highest common divisor of c and 99?
9
Let f be 61/5 - 1/5. Suppose f = -4*v + 5*v. What is the highest common divisor of v and 84?
12
Suppose 2*h = -21 - 19. Let t = 41 + h. Calculate the highest common divisor of t and 42.
21
Let h(s) = s + 7. Let u be h(9). What is the greatest common divisor of 24 and u?
8
Let y be (28/(-6))/((-4)/6). Let n be 7*(-1 + 8)/1. Calculate the highest common factor of y and n.
7
Let y(c) = c**3 + 8*c**2 - 9*c - 7. Let w be y(-9). Let d = 1 - w. Calculate the highest common divisor of d and 8.
8
Let w = 15 + -41. Let o = w + 27. What is the highest common factor of 5 and o?
1
Let k = -10 - -13. Suppose -35 + 8 = -k*a. Suppose v + 3*y = 42, -v - 4*y = -3*y - 38. What is the greatest common factor of a and v?
9
Let p be (-3 - -3) + (0 - -1). Let u(g) = -2 + 0*g - g + 3 + 54*g**3. Let d be u(p). Calculate the highest common divisor of d and 36.
18
Let u(w) = -w + 38. Let n be u(24). What is the highest common factor of 21 and n?
7
Let b = -5 + 233. What is the highest common divisor of 38 and b?
38
Let k = -6 + 3. Let n be (-11)/k - 8/12. What is the greatest common factor of n and 24?
3
Let b(q) = -q**2 - 13*q + 18. Let u be b(-14). Suppose -u*a + 12 = -140. Calculate the greatest common factor of a and 95.
19
Let r(m) = -m**3 + 6*m**2 + 7*m. Let u be r(5). Let y = u - 26. Calculate the highest common divisor of y and 85.
17
Let u be (-20)/(-2) - (-5)/(25/15). Suppose 5*y - 30 = -5*l, -6*l + l + 26 = 4*y. Suppose 0*g + 312 = y*g. What is the greatest common divisor of g and u?
13
Let b(y) = 4*y**3 - 3*y**2 - y + 3. Let f be b(3). What is the greatest common divisor of 9 and f?
9
Suppose 10 = -3*k + 3*t + 67, -5*k + 92 = -4*t. Let j be 1/((-4)/(-3) + -1). Suppose 0 = -7*g + j*g + k. Calculate the highest common factor of g and 12.
4
Let m(j) = -j - 3. Let s be m(-7). Suppose 336 = -3*r + s*r. Let g be (1/2)/(7/r). Calculate the greatest common factor of 6 and g.
6
Suppose -5*t + 111 = c, t + c - 14 - 9 = 0. Let s = -61 + 116. Calculate the highest common factor of t and s.
11
Let a(z) be the first derivative of -z**4/4 - 5*z**3/3 - 5*z**2/2 - z - 6. Let r = -8 - -4. Let f be a(r). What is the greatest common factor of f and 3?
3
Let t = -97 + 202. Calculate the highest common factor of t and 70.
35
Suppose 24 = i + 2*i. Calculate the greatest common factor of i and 40.
8
Suppose 0 = -5*k - 10, -2*q - 2*k = 3*k + 6. Let h be 16/2 - (0/(-4) + -2). Calculate the greatest common divisor of h and q.
2
Let a(o) be the second derivative of 23*o**4/12 - o**3/3 + o**2 - o. Let m be a(2). What is the highest common divisor of m and 10?
10
Let h(q) = q**3 + 6*q**2 - 8*q - 5. Let v be h(-7). Suppose v*c - 2*o = -o + 57, -5*c + 132 = o. What is the greatest common divisor of c and 3?
3
Let o = -5 - -9. Let l = 16 - o. Suppose -3*v - l = 0, 5*r = -0*r - v + 131. What is the highest common factor of 9 and r?
9
Suppose 2*x + 32 = 2*i + 4*x, 2*i = x + 44. Calculate the highest common divisor of i and 10.
10
Suppose -5*n + n + 72 = 0. Suppose -5*i + 17 = -n. Let t = i + -3. What is the highest common factor of t and 4?
4
Let t = 11 - 6. Suppose t*h + 15 = 5*r, 5*r + 0*h = -2*h + 1. Calculate the greatest common factor of 4 and r.
1
Let w be (-5269)/(-44) + 1/4. Suppose -v + w = v. Calculate the highest common divisor of v and 24.
12
Suppose -3*u + 2*m = 31, 4*u - 4*m = -62 + 18. Let c(h) = -h**2 - 9*h + 1. Let o be c(u). What is th